{"id":1788,"date":"2021-05-17T19:34:02","date_gmt":"2021-05-17T17:34:02","guid":{"rendered":"https:\/\/www.bmfcert.de\/nota-prawna\/"},"modified":"2021-05-17T20:09:21","modified_gmt":"2021-05-17T18:09:21","slug":"nota-prawna","status":"publish","type":"page","link":"https:\/\/www.bmfcert.de\/pl\/nota-prawna\/","title":{"rendered":"Nota prawna"},"content":{"rendered":"\n<p>Dane zgodnie z \u00a7 5 niem. Ustawy o mediach elektronicznych (TMG): <\/p>\n\n\n\n<p>BMFcert GmbH<\/p>\n\n\n\n<p>Rh\u00f6ndorfer Str. 85<\/p>\n\n\n\n<p>53604 Bad Honnef<\/p>\n\n\n\n<p><strong>reprezentowana przez:<\/strong><\/p>\n\n\n\n<p>Florian Bauer (dyrektor zarz\u0105dzaj\u0105cy)<\/p>\n\n\n\n<p><strong>Kontakt:<\/strong><\/p>\n\n\n\n<p>telefon: +49 (0) 224 \/ 969152-0<\/p>\n\n\n\n<p>e-mail: <a href=\"mailto:info@bmfcert.de\">info@bmfcert.de<\/a><\/p>\n\n\n\n<p>Strona internetowa: www.bmfcert.de<\/p>\n\n\n\n<p>S\u0105d Rejestrowy: S\u0105d Rejonowy w Siegeburgu (Amtsgericht Siegeburg)<\/p>\n\n\n\n<p>Wpis do rejestru pod numerem: HRB 15630<\/p>\n\n\n\n<p>NIP VAT UE: DE327654774 <\/p>\n\n\n\n<p><br><strong>Wy\u0142\u0105czenie odpowiedzialno\u015bci (disclaimer)<\/strong><\/p>\n\n\n\n<p><strong>Odpowiedzialno\u015b\u0107 za tre\u015b\u0107<\/strong><\/p>\n\n\n\n<p>Wszelkie tre\u015bci zawarte na naszej stronie internetowej zosta\u0142y przygotowane z najwi\u0119ksz\u0105 staranno\u015bci\u0105 i z nasz\u0105 najlepsz\u0105 wiedz\u0105. Jednak\u017ce nie mo\u017cemy gwarantowa\u0107 poprawno\u015bci, kompletno\u015bci i aktualno\u015bci zawartych na niej danych. Zgodnie z \u00a7 7 ust. 1 niem. Ustawy o mediach elektronicznych (TMG), dostawca us\u0142ug jest odpowiedzialny za w\u0142asne tre\u015bci zamieszane na tych stronach internetowych zgodnie z powszechnie obowi\u0105zuj\u0105cymi przepisami. Zgodnie z \u00a7 8 do \u00a7 10 TMG dostawca us\u0142ug nie jest jednak\u017ce zobowi\u0105zany do kontrolowania przesy\u0142anych lub zapisanych obcych tre\u015bci lub sprawdzania, czy wskazuj\u0105 one na dzia\u0142ania niezgodne z prawem. Zobowi\u0105zania do usuwania lub blokowania mo\u017cliwo\u015bci korzystania z informacji zgodnie z og\u00f3lnymi przepisami pozostaj\u0105 tutaj nienaruszone. Odnosz\u0105ca si\u0119 do powy\u017cszego odpowiedzialno\u015b\u0107 zachodzi jednak\u017ce dopiero w momencie rozpoznania konkretnego naruszenia prawa. W przypadku ujawnionych przypadk\u00f3w \u0142amania prawa odpowiednie tre\u015bci zostan\u0105 niezw\u0142ocznie usuni\u0119te.       <\/p>\n\n\n\n<p><strong>Prawa autorskie<\/strong><\/p>\n\n\n\n<p>Tre\u015bci i opracowania publikowane na naszej stronie internetowej podlegaj\u0105 przepisom niemieckiego prawa autorskiego. Tre\u015bci niniejszej strony internetowej nie mog\u0105 by\u0107 powielane, przetwarzane, publikowane i w jakikolwiek spos\u00f3b wykorzystywane poza zakresem dozwolonym przez prawo autorskie bez wyra\u017anej pisemnej zgody ze strony danego autora lub wydawcy. Pobieranie i kopiowanie zawarto\u015bci niniejszej strony jest dozwolone wy\u0142\u0105cznie do prywatnego i niekomercyjnego u\u017cytku. W zakresie, w jakim tre\u015bci na niniejszej stronie nie zosta\u0142y sporz\u0105dzone przez nas jako w\u0142a\u015bciciela, przestrzegane s\u0105 prawa autorskie os\u00f3b trzecich. Tre\u015bci pochodz\u0105ce od os\u00f3b trzecich s\u0105 odpowiednio identyfikowane. Je\u017celi mimo to u\u017cytkownik zauwa\u017cy naruszenie prawa autorskiego, proszony jest o niezw\u0142oczne poinformowanie nas o tym fakcie. W przypadku ujawnionych przypadk\u00f3w naruszenia prawa odpowiednie tre\u015bci zostan\u0105 niezw\u0142ocznie usuni\u0119te.      <\/p>\n\n\n\n<p>Osoba odpowiedzialna za tre\u015b\u0107 redakcyjn\u0105 w rozumieniu \u00a7 55 ust. 2 RStV: Florian Bauer <\/p>\n\n\n\n<p>Wdro\u017cenie i realizacja przez: Digitalagentur chaerry \u2013 <a href=\"http:\/\/www.chaerry.com\" target=\"_blank\" rel=\"noreferrer noopener\">www.chaerry.com<\/a><\/p>\n\n\n\n<div style=\"height:50px\" aria-hidden=\"true\" class=\"wp-block-spacer\"><\/div>\n","protected":false},"excerpt":{"rendered":"<p>Dane zgodnie z \u00a7 5 niem. Ustawy o mediach elektronicznych (TMG): BMFcert GmbH Rh\u00f6ndorfer Str. 85 53604 Bad Honnef reprezentowana przez: Florian Bauer (dyrektor zarz\u0105dzaj\u0105cy) Kontakt: telefon: +49 (0) 224 \/ 969152-0 e-mail: info@bmfcert.de Strona internetowa: www.bmfcert.de S\u0105d Rejestrowy: S\u0105d Rejonowy w Siegeburgu (Amtsgericht Siegeburg)&#8230;<\/p>\n","protected":false},"author":3,"featured_media":0,"parent":0,"menu_order":0,"comment_status":"closed","ping_status":"closed","template":"","meta":{"inline_featured_image":false,"footnotes":""},"class_list":["post-1788","page","type-page","status-publish","hentry"],"yoast_head":"<!-- This site is optimized with the Yoast SEO plugin v27.4 - https:\/\/yoast.com\/product\/yoast-seo-wordpress\/ -->\n<title>Nota prawna - bmfcert<\/title>\n<meta name=\"robots\" content=\"index, follow, max-snippet:-1, max-image-preview:large, max-video-preview:-1\" \/>\n<link rel=\"canonical\" href=\"https:\/\/www.bmfcert.de\/pl\/nota-prawna\/\" \/>\n<meta property=\"og:locale\" content=\"pl_PL\" \/>\n<meta property=\"og:type\" content=\"article\" \/>\n<meta property=\"og:title\" content=\"Nota prawna - bmfcert\" \/>\n<meta property=\"og:description\" content=\"Dane zgodnie z \u00a7 5 niem. Ustawy o mediach elektronicznych (TMG): BMFcert GmbH Rh\u00f6ndorfer Str. 85 53604 Bad Honnef reprezentowana przez: Florian Bauer (dyrektor zarz\u0105dzaj\u0105cy) Kontakt: telefon: +49 (0) 224 \/ 969152-0 e-mail: info@bmfcert.de Strona internetowa: www.bmfcert.de S\u0105d Rejestrowy: S\u0105d Rejonowy w Siegeburgu (Amtsgericht Siegeburg)...\" \/>\n<meta property=\"og:url\" content=\"https:\/\/www.bmfcert.de\/pl\/nota-prawna\/\" \/>\n<meta property=\"og:site_name\" content=\"bmfcert\" \/>\n<meta property=\"article:modified_time\" content=\"2021-05-17T18:09:21+00:00\" \/>\n<meta name=\"twitter:card\" content=\"summary_large_image\" \/>\n<meta name=\"twitter:label1\" content=\"Szacowany czas czytania\" \/>\n\t<meta name=\"twitter:data1\" content=\"2 minuty\" \/>\n<script type=\"application\/ld+json\" class=\"yoast-schema-graph\">{\"@context\":\"https:\\\/\\\/schema.org\",\"@graph\":[{\"@type\":\"WebPage\",\"@id\":\"https:\\\/\\\/www.bmfcert.de\\\/pl\\\/nota-prawna\\\/\",\"url\":\"https:\\\/\\\/www.bmfcert.de\\\/pl\\\/nota-prawna\\\/\",\"name\":\"Nota prawna - bmfcert\",\"isPartOf\":{\"@id\":\"https:\\\/\\\/www.bmfcert.de\\\/#website\"},\"datePublished\":\"2021-05-17T17:34:02+00:00\",\"dateModified\":\"2021-05-17T18:09:21+00:00\",\"breadcrumb\":{\"@id\":\"https:\\\/\\\/www.bmfcert.de\\\/pl\\\/nota-prawna\\\/#breadcrumb\"},\"inLanguage\":\"pl-PL\",\"potentialAction\":[{\"@type\":\"ReadAction\",\"target\":[\"https:\\\/\\\/www.bmfcert.de\\\/pl\\\/nota-prawna\\\/\"]}]},{\"@type\":\"BreadcrumbList\",\"@id\":\"https:\\\/\\\/www.bmfcert.de\\\/pl\\\/nota-prawna\\\/#breadcrumb\",\"itemListElement\":[{\"@type\":\"ListItem\",\"position\":1,\"name\":\"Home\",\"item\":\"https:\\\/\\\/www.bmfcert.de\\\/pl\\\/\"},{\"@type\":\"ListItem\",\"position\":2,\"name\":\"Nota prawna\"}]},{\"@type\":\"WebSite\",\"@id\":\"https:\\\/\\\/www.bmfcert.de\\\/#website\",\"url\":\"https:\\\/\\\/www.bmfcert.de\\\/\",\"name\":\"bmfcert\",\"description\":\"\",\"potentialAction\":[{\"@type\":\"SearchAction\",\"target\":{\"@type\":\"EntryPoint\",\"urlTemplate\":\"https:\\\/\\\/www.bmfcert.de\\\/?s={search_term_string}\"},\"query-input\":{\"@type\":\"PropertyValueSpecification\",\"valueRequired\":true,\"valueName\":\"search_term_string\"}}],\"inLanguage\":\"pl-PL\"}]}<\/script>\n<!-- \/ Yoast SEO plugin. -->","yoast_head_json":{"title":"Nota prawna - bmfcert","robots":{"index":"index","follow":"follow","max-snippet":"max-snippet:-1","max-image-preview":"max-image-preview:large","max-video-preview":"max-video-preview:-1"},"canonical":"https:\/\/www.bmfcert.de\/pl\/nota-prawna\/","og_locale":"pl_PL","og_type":"article","og_title":"Nota prawna - bmfcert","og_description":"Dane zgodnie z \u00a7 5 niem. Ustawy o mediach elektronicznych (TMG): BMFcert GmbH Rh\u00f6ndorfer Str. 85 53604 Bad Honnef reprezentowana przez: Florian Bauer (dyrektor zarz\u0105dzaj\u0105cy) Kontakt: telefon: +49 (0) 224 \/ 969152-0 e-mail: info@bmfcert.de Strona internetowa: www.bmfcert.de S\u0105d Rejestrowy: S\u0105d Rejonowy w Siegeburgu (Amtsgericht Siegeburg)...","og_url":"https:\/\/www.bmfcert.de\/pl\/nota-prawna\/","og_site_name":"bmfcert","article_modified_time":"2021-05-17T18:09:21+00:00","twitter_card":"summary_large_image","twitter_misc":{"Szacowany czas czytania":"2 minuty"},"schema":{"@context":"https:\/\/schema.org","@graph":[{"@type":"WebPage","@id":"https:\/\/www.bmfcert.de\/pl\/nota-prawna\/","url":"https:\/\/www.bmfcert.de\/pl\/nota-prawna\/","name":"Nota prawna - bmfcert","isPartOf":{"@id":"https:\/\/www.bmfcert.de\/#website"},"datePublished":"2021-05-17T17:34:02+00:00","dateModified":"2021-05-17T18:09:21+00:00","breadcrumb":{"@id":"https:\/\/www.bmfcert.de\/pl\/nota-prawna\/#breadcrumb"},"inLanguage":"pl-PL","potentialAction":[{"@type":"ReadAction","target":["https:\/\/www.bmfcert.de\/pl\/nota-prawna\/"]}]},{"@type":"BreadcrumbList","@id":"https:\/\/www.bmfcert.de\/pl\/nota-prawna\/#breadcrumb","itemListElement":[{"@type":"ListItem","position":1,"name":"Home","item":"https:\/\/www.bmfcert.de\/pl\/"},{"@type":"ListItem","position":2,"name":"Nota prawna"}]},{"@type":"WebSite","@id":"https:\/\/www.bmfcert.de\/#website","url":"https:\/\/www.bmfcert.de\/","name":"bmfcert","description":"","potentialAction":[{"@type":"SearchAction","target":{"@type":"EntryPoint","urlTemplate":"https:\/\/www.bmfcert.de\/?s={search_term_string}"},"query-input":{"@type":"PropertyValueSpecification","valueRequired":true,"valueName":"search_term_string"}}],"inLanguage":"pl-PL"}]}},"_links":{"self":[{"href":"https:\/\/www.bmfcert.de\/pl\/wp-json\/wp\/v2\/pages\/1788","targetHints":{"allow":["GET"]}}],"collection":[{"href":"https:\/\/www.bmfcert.de\/pl\/wp-json\/wp\/v2\/pages"}],"about":[{"href":"https:\/\/www.bmfcert.de\/pl\/wp-json\/wp\/v2\/types\/page"}],"author":[{"embeddable":true,"href":"https:\/\/www.bmfcert.de\/pl\/wp-json\/wp\/v2\/users\/3"}],"replies":[{"embeddable":true,"href":"https:\/\/www.bmfcert.de\/pl\/wp-json\/wp\/v2\/comments?post=1788"}],"version-history":[{"count":6,"href":"https:\/\/www.bmfcert.de\/pl\/wp-json\/wp\/v2\/pages\/1788\/revisions"}],"predecessor-version":[{"id":1814,"href":"https:\/\/www.bmfcert.de\/pl\/wp-json\/wp\/v2\/pages\/1788\/revisions\/1814"}],"wp:attachment":[{"href":"https:\/\/www.bmfcert.de\/pl\/wp-json\/wp\/v2\/media?parent=1788"}],"curies":[{"name":"wp","href":"https:\/\/api.w.org\/{rel}","templated":true}]}}

<p>Dane zgodnie z § 5 niem. Ustawy o mediach elektronicznych (TMG): </p>



<p>BMFcert GmbH</p>



<p>Rhöndorfer Str. 85</p>



<p>53604 Bad Honnef</p>



<p><strong>reprezentowana przez:</strong></p>



<p>Florian Bauer (dyrektor zarządzający)</p>



<p><strong>Kontakt:</strong></p>



<p>telefon: +49 (0) 224 / 969152-0</p>



<p>e-mail: <a href="mailto:info@bmfcert.de">info@bmfcert.de</a></p>



<p>Strona internetowa: www.bmfcert.de</p>



<p>Sąd Rejestrowy: Sąd Rejonowy w Siegeburgu (Amtsgericht Siegeburg)</p>



<p>Wpis do rejestru pod numerem: HRB 15630</p>



<p>NIP VAT UE: DE327654774 </p>



<p><br><strong>Wyłączenie odpowiedzialności (disclaimer)</strong></p>



<p><strong>Odpowiedzialność za treść</strong></p>



<p>Wszelkie treści zawarte na naszej stronie internetowej zostały przygotowane z największą starannością i z naszą najlepszą wiedzą. Jednakże nie możemy gwarantować poprawności, kompletności i aktualności zawartych na niej danych. Zgodnie z § 7 ust. 1 niem. Ustawy o mediach elektronicznych (TMG), dostawca usług jest odpowiedzialny za własne treści zamieszane na tych stronach internetowych zgodnie z powszechnie obowiązującymi przepisami. Zgodnie z § 8 do § 10 TMG dostawca usług nie jest jednakże zobowiązany do kontrolowania przesyłanych lub zapisanych obcych treści lub sprawdzania, czy wskazują one na działania niezgodne z prawem. Zobowiązania do usuwania lub blokowania możliwości korzystania z informacji zgodnie z ogólnymi przepisami pozostają tutaj nienaruszone. Odnosząca się do powyższego odpowiedzialność zachodzi jednakże dopiero w momencie rozpoznania konkretnego naruszenia prawa. W przypadku ujawnionych przypadków łamania prawa odpowiednie treści zostaną niezwłocznie usunięte.       </p>



<p><strong>Prawa autorskie</strong></p>



<p>Treści i opracowania publikowane na naszej stronie internetowej podlegają przepisom niemieckiego prawa autorskiego. Treści niniejszej strony internetowej nie mogą być powielane, przetwarzane, publikowane i w jakikolwiek sposób wykorzystywane poza zakresem dozwolonym przez prawo autorskie bez wyraźnej pisemnej zgody ze strony danego autora lub wydawcy. Pobieranie i kopiowanie zawartości niniejszej strony jest dozwolone wyłącznie do prywatnego i niekomercyjnego użytku. W zakresie, w jakim treści na niniejszej stronie nie zostały sporządzone przez nas jako właściciela, przestrzegane są prawa autorskie osób trzecich. Treści pochodzące od osób trzecich są odpowiednio identyfikowane. Jeżeli mimo to użytkownik zauważy naruszenie prawa autorskiego, proszony jest o niezwłoczne poinformowanie nas o tym fakcie. W przypadku ujawnionych przypadków naruszenia prawa odpowiednie treści zostaną niezwłocznie usunięte.      </p>



<p>Osoba odpowiedzialna za treść redakcyjną w rozumieniu § 55 ust. 2 RStV: Florian Bauer </p>



<p>Wdrożenie i realizacja przez: Digitalagentur chaerry – <a href="http://www.chaerry.com" target="_blank" rel="noreferrer noopener">www.chaerry.com</a></p>



<div style="height:50px" aria-hidden="true" class="wp-block-spacer"></div>

<p>Dane zgodnie z § 5 niem. Ustawy o mediach elektronicznych (TMG): BMFcert GmbH Rhöndorfer Str. 85 53604 Bad Honnef reprezentowana przez: Florian Bauer (dyrektor zarządzający) Kontakt: telefon: +49 (0) 224 / 969152-0 e-mail: info@bmfcert.de Strona internetowa: www.bmfcert.de Sąd Rejestrowy: Sąd Rejonowy w Siegeburgu (Amtsgericht Siegeburg)&#8230;</p>

<!-- This site is optimized with the Yoast SEO plugin v27.4 - https://yoast.com/product/yoast-seo-wordpress/ -->
<title>Nota prawna - bmfcert</title>
<meta name="robots" content="index, follow, max-snippet:-1, max-image-preview:large, max-video-preview:-1" />
<link rel="canonical" href="https://www.bmfcert.de/pl/nota-prawna/" />
<meta property="og:locale" content="pl_PL" />
<meta property="og:type" content="article" />
<meta property="og:title" content="Nota prawna - bmfcert" />
<meta property="og:description" content="Dane zgodnie z § 5 niem. Ustawy o mediach elektronicznych (TMG): BMFcert GmbH Rhöndorfer Str. 85 53604 Bad Honnef reprezentowana przez: Florian Bauer (dyrektor zarządzający) Kontakt: telefon: +49 (0) 224 / 969152-0 e-mail: info@bmfcert.de Strona internetowa: www.bmfcert.de Sąd Rejestrowy: Sąd Rejonowy w Siegeburgu (Amtsgericht Siegeburg)..." />
<meta property="og:url" content="https://www.bmfcert.de/pl/nota-prawna/" />
<meta property="og:site_name" content="bmfcert" />
<meta property="article:modified_time" content="2021-05-17T18:09:21+00:00" />
<meta name="twitter:card" content="summary_large_image" />
<meta name="twitter:label1" content="Szacowany czas czytania" />
	<meta name="twitter:data1" content="2 minuty" />
<script type="application/ld+json" class="yoast-schema-graph">{"@context":"https:\/\/schema.org","@graph":[{"@type":"WebPage","@id":"https:\/\/www.bmfcert.de\/pl\/nota-prawna\/","url":"https:\/\/www.bmfcert.de\/pl\/nota-prawna\/","name":"Nota prawna - bmfcert","isPartOf":{"@id":"https:\/\/www.bmfcert.de\/#website"},"datePublished":"2021-05-17T17:34:02+00:00","dateModified":"2021-05-17T18:09:21+00:00","breadcrumb":{"@id":"https:\/\/www.bmfcert.de\/pl\/nota-prawna\/#breadcrumb"},"inLanguage":"pl-PL","potentialAction":[{"@type":"ReadAction","target":["https:\/\/www.bmfcert.de\/pl\/nota-prawna\/"]}]},{"@type":"BreadcrumbList","@id":"https:\/\/www.bmfcert.de\/pl\/nota-prawna\/#breadcrumb","itemListElement":[{"@type":"ListItem","position":1,"name":"Home","item":"https:\/\/www.bmfcert.de\/pl\/"},{"@type":"ListItem","position":2,"name":"Nota prawna"}]},{"@type":"WebSite","@id":"https:\/\/www.bmfcert.de\/#website","url":"https:\/\/www.bmfcert.de\/","name":"bmfcert","description":"","potentialAction":[{"@type":"SearchAction","target":{"@type":"EntryPoint","urlTemplate":"https:\/\/www.bmfcert.de\/?s={search_term_string}"},"query-input":{"@type":"PropertyValueSpecification","valueRequired":true,"valueName":"search_term_string"}}],"inLanguage":"pl-PL"}]}</script>
<!-- / Yoast SEO plugin. -->

Dane zgodnie z § 5 niem. Ustawy o mediach elektronicznych (TMG): BMFcert GmbH Rhöndorfer Str. 85 53604 Bad Honnef reprezentowana przez: Florian Bauer (dyrektor zarządzający) Kontakt: telefon: +49 (0) 224 / 969152-0 e-mail: info@bmfcert.de Strona internetowa: www.bmfcert.de Sąd Rejestrowy: Sąd Rejonowy w Siegeburgu (Amtsgericht Siegeburg)...
